s the remainder when h is divided by t(-3)?
13
Calculate the remainder when (4/(-6))/((-72)/15228) is divided by 16.
13
Let t(y) be the second derivative of -5*y**3/6 - 3*y**2 - 20*y. What is the remainder when 56 is divided by t(-5)?
18
Let i(s) = -82*s**2 - 3*s - 4. Let d be i(-1). Let f = d + 237. Calculate the remainder when f is divided by 40.
34
What is the remainder when 2 - (-22)/(154/315) is divided by 8?
7
Let f(m) = m**2 - 4*m + 9. Let n = -14 + 20. Calculate the remainder when 81 is divided by f(n).
18
Let s = 95 + -37. Let k = s - 28. Calculate the remainder when 58 is divided by k.
28
Calculate the remainder when ((-3)/6)/((-1)/118) is divided by 16.
11
Suppose -636 = -422*b + 410*b. What is the remainder when 65 is divided by b?
12
Suppose 20 = w + 2*q + 2*q, -12 = -3*q. Suppose 5*a = -i + 158, w*i + 15 = -a + 39. What is the remainder when 157 is divided by a?
29
Let n be 2 + 2 + 3 + -4. Suppose k = n*k - 12. Let o(g) = -g**2 + 7*g + 3. Calculate the remainder when 17 is divided by o(k).
8
Suppose -330 = 596*v - 602*v. What is the remainder when 257 is divided by v?
37
Suppose 6*q - 11*q + 95 = 0. Suppose 8 = v - 0. Calculate the remainder when q is divided by v.
3
Calculate the remainder when 1/(-6) + 1119/18 is divided by (35 - 36)*-1*7.
6
What is the remainder when 109 is divided by (84/70)/((-3)/(-70))?
25
Let j be 18*(-4)/8 + 1. Let p be ((-4)/j)/(3/450). Suppose p = 3*y + 2*y. What is the remainder when 28 is divided by y?
13
Suppose 4*l - 2*n = -6*n - 12, 12 = -5*l - 4*n. Suppose l = 11*f - 305 + 85. Calculate the remainder when 27 is divided by f.
7
Suppose -3*w + 3*s = -177, -w + 3*s + 57 = -10. Calculate the remainder when w is divided by 16.
7
Let v = -25 - -99. Let h = v - 143. Let g = h - -111. What is the remainder when g is divided by 11?
9
Let y be -2*((-213)/(-6) + -2). Let j = y - -173. What is the remainder when j is divided by 27?
25
Calculate the remainder when -5 + (-238)/(-3) + 4/(-12) is divided by 48.
26
Let b be 2/5 + (-10)/25. Suppose -3*h + 3 = w, w + 3 = -b*w. Suppose 3*z + x - 10 - 4 = 0, -h*z - 3*x = 0. What is the remainder when 17 is divided by z?
5
Let g(b) = 12*b - 12. Let l be g(8). Suppose 0 = 6*d + d - l. Calculate the remainder when d is divided by 5.
2
Let q = 382 - 217. Calculate the remainder when q is divided by 29.
20
Suppose 0*t = 4*t - 168. Suppose 28 + t = q. Let p = 64 + -46. Calculate the remainder when q is divided by p.
16
Let r = -220 + 310. Let s be (9/9)/(1/(-12)). Calculate the remainder when s/6*r/(-4) is divided by 24.
21
Suppose 3 = -3*z + 9. Suppose -z*d - 5 = -37. Calculate the remainder when (54/45)/((-6)/(-130)) - -3 is divided by d.
13
Let g(b) = b**2 + 16*b. Let c be 2*(-3 + 11/(-2)). Let k be g(c). Suppose 0 = 3*s + k - 140. Calculate the remainder when s is divided by 21.
20
Let w(a) = 3*a**3 + 8*a**2 - 9*a - 26. What is the remainder when w(4) is divided by 68?
54
Suppose 8*z + 34 - 130 = 0. Suppose z*d = 15*d - 372. What is the remainder when d is divided by 18?
16
Let u(y) = 15*y - 93. What is the remainder when 72 is divided by u(9)?
30
Suppose 3*r - 361 - 59 = 0. Suppose 9*s - r = 4*s. Let b = s + -27. Calculate the remainder when 3 is divided by b.
0
Suppose 24 = -3*j + 39, -3*j = 3*k - 93. Calculate the remainder when 69 is divided by k.
17
What is the remainder when 22 is divided by 6*275/105 - (-4)/14?
6
Let n = 274 - 195. Suppose h = -32 - 0. Let b = -12 - h. What is the remainder when n is divided by b?
19
Let i(h) = -9*h. Let m be i(-2). Let z = m + -15. Let j = -7 - -18. Calculate the remainder when j is divided by z.
2
Suppose 0 = -0*u - 3*u - 3. Let h = u + 17. Calculate the remainder when h is divided by 9.
7
Let s(g) = 9*g**2 + g + 2. Let a(l) = -l**2 + 22*l - 22. Let c be a(21). Calculate the remainder when 26 is divided by s(c).
6
Suppose 0 = -7*f - 0*f + 154. Suppose -103 = -3*b - f. Calculate the remainder when b is divided by 10.
7
Let y be 2 + -2 + 2 + -4. Calculate the remainder when -3*(-2 + y)/(-4) - -62 is divided by 15.
14
Let u(o) = -o**2 + 6*o + 1. Let n be u(6). Let g = n - -7. Suppose 3*r - 340 + 298 = 0. Calculate the remainder when r is divided by g.
6
Suppose 5*v + 4*w - 169 = 0, -2*v + 58 = -0*v + 4*w. Let z = 4 - 4. Let h = 10 - z. Calculate the remainder when v is divided by h.
7
Let a(v) = -v**3 + 24*v**2 + 24*v + 32. Let x be a(25). Suppose 10 = 2*w, -5*w + 330 = x*y - 2*y. Calculate the remainder when y is divided by 13.
9
Let y be 322/(-35) + 1/5. Let m(c) = 2*c**2 + 15*c + 1. What is the remainder when m(y) is divided by 5?
3
Suppose -2*a - 3*b + 85 = 0, 5*b + 46 + 16 = a. What is the remainder when 225 is divided by a?
37
What is the remainder when (-3)/(5*(3 - 4440/1475)) is divided by 9?
5
Let s(z) = 2*z + 21. Let v = -9 - 5. What is the remainder when s(-10) is divided by 4/v + 36/28?
0
Let g(x) = -x**3 + 26*x**2 + 29*x - 44. Calculate the remainder when 28 is divided by g(27).
8
Let i(w) = 17*w - 39. What is the remainder when i(7) is divided by 14?
10
Let g(k) = -5*k + 26. Let i be g(7). Let v = 20 + i. What is the remainder when 75 is divided by v?
9
Let w(a) = -7*a + 1. Let q(x) = -x**2 - 5*x + 8. Let g be q(-7). Let p be 5/(10/4) + g. What is the remainder when 113 is divided by w(p)?
26
Suppose -n + 86 - 2 = 0. Let o = n + -56. Calculate the remainder when 111 is divided by o.
27
Let m(f) = -f**2 + 16*f - 42. Let n be m(12). Suppose -l + n*l - 115 = 0. Calculate the remainder when l is divided by 3.
2
Suppose 6*l - l - 234 = 2*q, -2*l = -3*q - 98. What is the remainder when l is divided by 2*-2*(-2 + -2)?
14
Suppose -268 = 3*v - 7*v. Let o(b) = -11*b + 1. Let q(a) = a**2 - 5*a + 4. Let u be q(3). Calculate the remainder when v is divided by o(u).
21
Calculate the remainder when 665 is divided by 4/10 + (-3051)/(-135).
21
Let i be 4/(-3)*6/(-4). Let v = -343 - -371. Suppose v = -i*l + 130. What is the remainder when l is divided by 13?
12
Let h be 3/3 + (-1 - 0). Suppose a + i = 25, h = 5*a - 6*a - 5*i + 25. Calculate the remainder when 98 is divided by a.
23
Suppose 5*k + 37 = 137. Suppose -15*t + 12*t = 4*u - 50, t - 24 = -2*u. What is the remainder when k is divided by u?
9
Let f(q) = 2*q**2 - 16*q + 62. Calculate the remainder when f(12) is divided by 55.
48
Let b(h) = 16*h**2 + h - 8. Suppose -5*c + 3*g + 146 = 0, 4*c + 3*g - 28 = 105. Calculate the remainder when b(2) is divided by c.
27
Let m(z) = z**2 + z - 1. Suppose -27 = 4*o + 13. Let q = o + 12. What is the remainder when 12 is divided by m(q)?
2
Let w = 52 - 25. Let t(o) = 13*o**3 - 1. What is the remainder when t(2) is divided by w?
22
Let d = 7 + 14. Let g = -8 + d. Suppose 29 = 4*j + g. Calculate the remainder when 15 is divided by j.
3
Suppose 0 = 10*g - 705 - 1245. Calculate the remainder when g is divided by 40.
35
Let o = 70 - 33. Calculate the remainder when o is divided by (-4)/(-22) + 846/66.
11
Let r(w) be the second derivative of -w**4/12 - w**3 - 34*w. What is the remainder when 16 is divided by r(-5)?
1
Let k(y) = 3*y - 1. Let o be k(1). Suppose -578 = -4*v - 2*x, -o*v - 5*x = -4*v + 283. What is the remainder when v is divided by ((-25)/(-1))/1 + (15 - 11)?
28
Let h(t) = t**2 + 6*t + 4. Let g(y) = 2*y**2 + 13*y + 23. What is the remainder when h(-7) is divided by g(-4)?
2
Let y = -6 - -20. Suppose -2 = 3*g - y. Suppose -3*n + 60 = 3*x, -n + 3*n = x + 34. Calculate the remainder when n is divided by g.
2
Suppose 23*g - 3542 = 9*g. Calculate the remainder when g is divided by 5.
3
Let u = -4 - -15. Suppose 4 = 3*h + 4*n, h - 27 + 13 = 5*n. Calculate the remainder when u is divided by h.
3
Suppose 38 = 5*t - 82. Let s(l) = 2*l - 11. Let a be s(17). Let j = a + -9. Calculate the remainder when t is divided by j.
10
Let j = 14 - 18. Let i = 105 - 56. What is the remainder when i is divided by ((-26)/j)/((-5)/(-10))?
10
Let c = 8 + 13. Calculate the remainder when (c/(-3))/(3/(-24)) is divided by 30.
26
Let c(f) = -3 + 2 - 26*f + 1 - 1. Let s be c(-6). Suppose 3*j = 8*j - s. What is the remainder when j is divided by 11?
9
Let p(j) = -j**3 - 3*j**2 + 4*j + 2. Let s be p(-4). Suppose 0 = c + l - 69, -l = c + s*l - 79. Calculate the remainder when c is divided by 22.
20
Suppose 5*t = 4*y - 3*y - 29, t + 5*y - 15 = 0. Let s = 9 + t. Suppo